t t be q(-6). Calculate the highest common divisor of 12 and t.
6
Let n = -196 + 195. Let q be 1/(n/22)*(-93)/186. What is the greatest common factor of q and 11?
11
Let a be (-2 - -127)*(-11 + 17 - (1 + 1)). What is the greatest common factor of a and 6250?
250
Suppose -20 - 6 = -j - 2*n, -j = n - 21. Let c = 72 - j. Suppose 57 = 4*z + 25. What is the greatest common divisor of z and c?
8
Let k = -710 + 489. Let c = k - -309. What is the highest common divisor of c and 8?
8
Suppose 0*w - 2*w + 4269 + 21995 = 0. Calculate the greatest common factor of w and 402.
134
Suppose -17*v - 25 = -22*v, -3*v = -4*b + 25. Calculate the highest common factor of b and 172.
2
Let m(f) = -11*f - 46. Let p be m(-6). Let b be (p/(-2) + 2)*(2 - 4). Calculate the greatest common divisor of b and 6.
2
Let g be 11193082/861 - (22/84 - 7/42). What is the highest common factor of 250 and g?
250
Suppose 4*t = -49 + 185. What is the highest common divisor of t and 4131?
17
Let w = -105 - -872. What is the highest common factor of 13 and w?
13
Suppose -q = -3*p - 0*q - 23, -8 = -2*p - 4*q. Let d(r) = -3*r + 2. Let a be d(p). Let k = 1285 - 1275. What is the greatest common factor of a and k?
10
Suppose -516*f = -512*f - s - 10858, 4*f + 4*s - 10848 = 0. Calculate the greatest common factor of f and 184.
46
Suppose 2*m - 183 = -3*m - 68. Suppose -s = 3*s + 1100. Let k = -68 - s. Calculate the greatest common factor of k and m.
23
Suppose -3*u + 0*u = 270. Let f be (-3 - -3) + (0 - u). Let b = 290556 - 290546. Calculate the greatest common divisor of f and b.
10
Let q = -180 + 557. Let h = q - 153. Calculate the greatest common factor of 28 and h.
28
Suppose 2*y = -5*c - 356 - 2, 4*c + 268 = 3*y. Let g = c - -71. Let j be (-267)/(-18) + g/6. What is the greatest common factor of 30 and j?
15
Let n(k) = -k**3 - 53*k**2 - 11*k - 470. Let t be n(-53). What is the greatest common factor of t and 10961?
113
Let o = -5679 - -9860. What is the highest common divisor of 148 and o?
37
Let t(p) = p**3 - 9*p**2 + 11*p - 19. Let a be t(8). Suppose a*f + 3*b - 426 = 0, -4*f - 4*b - 27 = -363. Calculate the greatest common factor of f and 1392.
87
Suppose s + 1061 = 4*o + 6*s, 5*s = 5. Suppose 0*a + a = o. What is the highest common factor of a and 24?
24
Let s = -105 + -88. Let k = -147 - s. Calculate the greatest common divisor of 207 and k.
23
Let h(o) = 2*o**3 - 11*o**2 + 112*o + 353. Let g be h(17). Calculate the highest common factor of g and 672.
168
Suppose 757 = 6*t - 2075. Let w = t + -450. What is the highest common factor of 77 and w?
11
Let m(w) = -131*w + 112. Let v be m(5). Let u = v - -803. Calculate the highest common factor of u and 26.
26
Suppose -2625 - 935 = -20*u. Let p = u + -168. What is the highest common divisor of 10 and p?
10
Let h be (-1)/(-3) - (-293)/3. Let x(n) = 430*n - 18850. Let c be x(44). Calculate the greatest common factor of h and c.
14
Let x(m) = -m**3 + 28*m**2 + 44*m + 91. Let j be x(-10). Calculate the greatest common factor of j and 1015.
203
Suppose -229*v = -59*v + 49*v - 63510. What is the greatest common divisor of 16762 and v?
58
Suppose -q - 6 = -0*q. Let l(t) = -11*t - 6. Let c be l(q). Let g = 102 - c. Calculate the highest common divisor of 28 and g.
14
Suppose 285 = -51*l + 336. What is the highest common factor of 2371 and l?
1
Let o(n) = -7153*n**3 + 32*n**2 + 32*n - 1. Let m be o(-1). Calculate the highest common divisor of m and 240.
48
Let h(g) = 30*g - 10. Let i be h(4). Suppose -36 = 58*a - 674. Calculate the highest common factor of a and i.
11
Suppose 639*x - 40453 = 634*x - 4*m, 14 = 2*m. Calculate the highest common factor of 210 and x.
105
Let v be (-10)/(-5) - (-3 - (3 + 3)). Suppose v*o - 62 = 48. What is the highest common factor of o and 10?
10
Let t be 3 - (1 + 3 + -3). Suppose -t*v = -0*v. Let l be 3 + v/5 - -24. What is the highest common divisor of 3 and l?
3
Suppose 14094 = 4*n - 6*q, -11*q + 8*q = 4*n - 14103. Calculate the greatest common divisor of n and 30.
15
Let r(f) = 18*f + 27 + 80*f + 19*f. Let h be r(4). What is the greatest common divisor of h and 198?
99
Let p be 16 - 2 - (-90)/(-18). Suppose 2*s - 48 + p = r, -s - 2*r = -7. What is the greatest common divisor of s and 153?
17
Let z = -27 - 337. Let v = z + 380. What is the greatest common divisor of 1024 and v?
16
Let m be (-473)/(-4) + (-2)/8. Let i = 180 - m. What is the greatest common divisor of 217 and i?
31
Let u(x) = 26*x - 50. Let c be u(8). Let p = 57 + c. Calculate the highest common divisor of 86 and p.
43
Let m = 14242 - 13843. What is the highest common divisor of 231 and m?
21
Let t(q) = 18*q - 222. Let k be t(14). What is the greatest common divisor of k and 708?
6
Let y(i) = i**3 + 7*i**2 - 39*i - 157. Let r be y(-9). What is the greatest common divisor of 3424 and r?
32
Let s(c) = 2*c**2 + 52*c - 34. Let i be s(-26). Let f be (0 - 70/(-4)) + (-17)/i. Calculate the highest common divisor of 6 and f.
6
Let r be 28/10 + -3 - (-322)/10. Let y = 568 + -440. Calculate the highest common factor of y and r.
32
Suppose 2*a + 30 = 5*m - a, -2*a - 10 = 0. Suppose -9*u - 5*q + 188 = 0, 8*q + 70 = 3*u + 9*q. What is the greatest common divisor of u and m?
3
Let k(n) = -2*n**2 + 66*n - 61. Let a be k(32). Let f(b) = 4*b**3 - 2*b**2 + 5*b. Let r be f(a). Calculate the highest common divisor of 45 and r.
15
Let g be (157/(-1413) - 4/(-18)) + 2248/18. What is the highest common factor of 100 and g?
25
Let z = 2025 - 1975. Calculate the greatest common factor of 975 and z.
25
Suppose 12*s - 24 = 4*s. Let n(a) = 6 + a**s + 3 + 76*a - a**2 - 78*a. Let i be n(4). Calculate the highest common divisor of 49 and i.
49
Let k be 224/(-3 + 5)*5/(-10). Let j = k + 60. Let r be (j/(-6))/(4/(-132)). Calculate the highest common factor of r and 154.
22
Let u(y) = -53*y + 29 - 4 - 62*y + 125*y + y**2. Let i be u(-11). Calculate the greatest common factor of 72 and i.
36
Suppose -a = 53 - 63. Let g(j) = 2*j**3 - 22*j**2 + 24*j - 11. Let c be g(a). Suppose -c*n = -32*n + 48. Calculate the highest common factor of n and 128.
16
Let z be (-251)/1255 + 552/10. What is the highest common divisor of 4455 and z?
55
Suppose 54*r - 51*r + q = 137, -5*q - 235 = -5*r. What is the greatest common divisor of 46 and r?
46
Let h be (10 - (-160)/(-10)) + 1*(13 - 0). What is the greatest common divisor of h and 53?
1
Let o(s) = -s**3 + 14*s**2 - 9*s - 51. Let i be o(13). Suppose 2*v - 53 = -5*q, v - q + i = 10. What is the greatest common divisor of v and 21?
7
Suppose -29*y + 2859 = -2941. Suppose -3*r = 2*o - 108, -4*r + 18 = 2. Let q = -23 + o. Calculate the highest common divisor of y and q.
25
Suppose 0 = g - 5*d + 15, -4*g + 150 = 5*d + 35. Calculate the greatest common divisor of 605 and g.
5
Suppose -s + 4 = 0, -6*i - 2*s + 928 = -i. Suppose -40 = a + 3*d - i, -d + 4 = 0. What is the greatest common divisor of 12 and a?
12
Let l = -1556 + 3337. What is the greatest common divisor of l and 26?
13
Suppose 0 = 2*r + 3*t - 3640, 4*r - 3*t + 7*t - 7272 = 0. Suppose -r = -3*w + 1000. What is the highest common factor of 14 and w?
14
Let c(b) = b**3 + 14*b**2 + 20*b - 25. Let j be c(-12). Suppose -j = -2*z + 3*m + 25, -5*z = -2*m - 120. Calculate the highest common factor of z and 15.
3
Let w = -44 - -48. Suppose -3*q + 5*c = -13 + w, -c = -5*q + 37. Suppose -47 = -5*u + q. What is the greatest common divisor of 176 and u?
11
Let a(o) = 79*o**2 - o. Let x be a(-3). Let m be 5/(45/(-6)) - x/(-18). Let n(y) = 14*y - 2. Let p be n(2). Calculate the greatest common factor of m and p.
13
Let l be 12/14 - 119769/(-581). Calculate the highest common divisor of 11247 and l.
69
Let c = -13416 + 13975. Calculate the greatest common divisor of 351 and c.
13
Suppose 13948 = 5*w + 24*u - 20*u, 2*u = -2*w + 5580. What is the highest common factor of 68 and w?
68
Suppose 0 = -3*i + 5*i + 210. Let j be i/33 + 3 - 1940/(-22). Let m be 16/((2 + -3)*-2). Calculate the greatest common factor of j and m.
8
Let z be 40*(4/14 - 3354/(-364)). Calculate the greatest common factor of z and 1064.
76
Let p(r) = -4*r - 189. Let m be p(21). Let i = 280 + m. What is the greatest common factor of i and 13?
1
Let u = 69 + -19. Let m be (-276)/345 + ((-1234)/(-5) + 2 - -2). What is the greatest common divis